and 1982.
991
Calculate the greatest common factor of 2146582 and 5358.
38
What is the greatest common factor of 3751116 and 57408?
276
What is the greatest common factor of 244650 and 6757?
233
Calculate the highest common divisor of 546062 and 2585.
11
What is the greatest common divisor of 4209015 and 990?
15
What is the greatest common factor of 2556 and 37891138?
142
What is the highest common divisor of 5877928968 and 12?
12
What is the greatest common divisor of 368424 and 9218856?
1032
Calculate the greatest common factor of 28280 and 736088.
808
Calculate the highest common divisor of 12397819 and 58.
29
What is the greatest common divisor of 15 and 100615805?
5
What is the highest common divisor of 23 and 156753257?
23
Calculate the greatest common factor of 279384 and 37527.
21
What is the highest common factor of 330 and 1906990?
10
Calculate the highest common divisor of 1445 and 63374521.
289
What is the greatest common divisor of 83 and 781971552?
83
What is the highest common divisor of 9485 and 181195749?
1897
Calculate the highest common divisor of 6500 and 88465.
65
Calculate the highest common factor of 968 and 609592.
8
Calculate the highest common factor of 7208406 and 1703.
131
What is the greatest common factor of 537992574 and 16184?
4046
What is the greatest common divisor of 526709799 and 99?
99
What is the greatest common factor of 4507400 and 25265?
155
Calculate the highest common divisor of 1985704 and 8968.
472
What is the highest common divisor of 4672580 and 4180?
220
What is the greatest common divisor of 582988 and 308?
28
What is the greatest common factor of 1419200 and 222400?
1600
Calculate the greatest common factor of 300 and 112565500.
100
Calculate the greatest common factor of 483795 and 24.
3
What is the highest common factor of 4531985423 and 427?
427
What is the highest common divisor of 4439 and 1518?
23
Calculate the greatest common divisor of 1101447 and 1403.
23
What is the highest common factor of 69755344 and 1317?
439
Calculate the greatest common factor of 672 and 23209760.
224
Calculate the greatest common factor of 29988104 and 17665.
3533
Calculate the greatest common divisor of 7684833 and 39.
39
What is the greatest common factor of 16 and 84236?
4
Calculate the greatest common factor of 142 and 20874071.
71
What is the highest common divisor of 10059595 and 1365?
455
What is the greatest common factor of 1664663 and 924?
77
Calculate the highest common factor of 21616 and 1487440.
16
What is the greatest common divisor of 1058330 and 7280?
910
Calculate the highest common divisor of 35604 and 603.
9
What is the highest common factor of 50 and 404050070?
10
What is the greatest common divisor of 3737192 and 646384?
4552
What is the greatest common divisor of 72062975 and 254?
127
Calculate the greatest common divisor of 34692 and 90888.
84
Calculate the highest common divisor of 1712337 and 31141.
209
Calculate the greatest common divisor of 180 and 54974460.
60
What is the highest common factor of 98784621 and 2952?
369
Calculate the highest common divisor of 639 and 3248463.
213
What is the greatest common divisor of 217005093 and 18?
9
Calculate the greatest common factor of 3968 and 228559528.
248
Calculate the highest common factor of 29913863 and 49.
49
Calculate the greatest common divisor of 47781016 and 12026.
1718
Calculate the highest common factor of 30049902 and 95274.
1206
Calculate the greatest common divisor of 80880 and 2866200.
120
What is the greatest common factor of 49 and 17201219?
7
What is the greatest common factor of 1574433 and 42813?
603
Calculate the highest common divisor of 136 and 1718768.
136
What is the greatest common divisor of 219003 and 125985?
111
What is the greatest common divisor of 671322120 and 72?
24
What is the highest common divisor of 40 and 191537080?
40
Calculate the highest common factor of 927095 and 15028.
221
What is the greatest common divisor of 18224 and 17912?
8
Calculate the greatest common divisor of 52164855 and 135.
45
Calculate the highest common divisor of 1642333 and 901208.
5929
What is the greatest common factor of 152399 and 3743?
19
Calculate the highest common divisor of 53189227 and 65.
13
What is the highest common factor of 496 and 11761803?
31
What is the greatest common factor of 22737 and 209649?
33
What is the highest common factor of 588190283 and 14138?
7069
Calculate the highest common divisor of 39 and 88516012.
13
Calculate the greatest common divisor of 249 and 15684178.
83
Calculate the greatest common divisor of 3348806 and 4030.
62
Calculate the greatest common divisor of 499741200 and 11332.
11332
Calculate the greatest common divisor of 20 and 5900090.
10
What is the greatest common factor of 19809 and 19667?
71
Calculate the highest common divisor of 220 and 910856980.
220
What is the greatest common factor of 36009 and 16220054?
4001
What is the highest common factor of 267018 and 400718?
382
Calculate the greatest common divisor of 23828161 and 34937.
1127
Calculate the greatest common factor of 624 and 30730206.
78
Calculate the highest common factor of 492962334 and 114.
114
Calculate the highest common factor of 779464 and 50344.
1736
What is the highest common factor of 1311 and 279194056?
437
What is the greatest common divisor of 5355521 and 538?
269
Calculate the greatest common factor of 273 and 6128759.
91
What is the highest common divisor of 2809013 and 5336?
23
What is the greatest common divisor of 1591094 and 46?
46
Calculate the greatest common factor of 44770 and 5572570.
370
Calculate the greatest common factor of 24719 and 46493.
19
Calculate the highest common factor of 1509 and 254272033.
503
Calculate the greatest common divisor of 59159695 and 14.
7
Calculate the greatest common factor of 53040 and 42028080.
4080
What is the highest common factor of 7680 and 91680?
480
What is the highest common factor of 2232320 and 545?
545
What is the highest common factor of 219853 and 703933?
2017
What is the highest common divisor of 26257 and 76307?
77
What is the highest common divisor of 20800 and 93908800?
1600
Calculate the highest common divisor of 104690880 and 70.
70
What is the highest common factor of 238 and 302946?
14
Calculate the greatest common factor of 2651120 and 5177.
31
What is the highest common divisor of 35177 and 858023?
29
Calculate the greatest common divisor of 14592 and 1459371.
57
What is the highest common factor of 2522307 and 27811?
137
What is the highest common divisor of 152 and 390145126?
38
Calculate the highest common divisor of 15 and 24430905.
15
What is the greatest common divisor of 246344 and 439264?
2968
Calculate the greatest common divisor of 880 and 21993620.
220
Calculate the highest common factor of 580 and 14707495.
145
What is the highest common factor of 192 and 5548818?
6
What is the highest common factor of 1794 and 59501?
299
Calculate the greatest common factor of 352884 and 798.
42
What is the highest common factor of 226753657 and 143?
13
What is the greatest common factor of 6 and 22195146?
6
Calculate the greatest common factor of 162927 and 93267.
387
What is the highest common factor of 3237 and 4610733?
249
Calculate the highest common factor of 7030 and 161912.
74
Calculate the highest common divisor of 5028265638 and 226.
226
What is the greatest common factor of 526623 and 12426?
57
Calculate the greatest common factor of 2562175 and 15400.
1925
What is the highest common factor of 27 and 70955694?
9
What is the greatest common factor of 91342369 and 535?
107
What is the highest common divisor of 1279329 and 552?
69
Calculate the greatest common factor of 330 and 993795.
165
What is the greatest common factor of 56 and 767606?
14
Calculate the highest common divisor of 156898273 and 963.
107
Calculate the greatest common divisor of 22482028 and 12204.
452
What is the greatest common divisor of 4887846 and 1351224?
6894
Calculate the greatest common factor of 39204 and 181379.
121
What is the greatest common factor of 298311 and 61269?
39
What is the greatest common divisor of 284297 and 286520?
247
What is the greatest common factor of 27776973 and 4662?
777
Calculate the greatest common divisor of 432 and 3549322